rime number?
True
Is 7301069 prime?
False
Is 11304817 composite?
False
Is 164905241 composite?
False
Is 1042343 a composite number?
True
Is 52081 a composite number?
False
Is 19977119 a composite number?
False
Is 6138239 prime?
True
Is 292300691 composite?
True
Is 2569891 a prime number?
True
Is 54066469 a prime number?
False
Is 18016781 composite?
False
Is 571431869 composite?
False
Is 5975677 a prime number?
True
Is 886654105 prime?
False
Is 400697939 a composite number?
True
Is 5356502 composite?
True
Is 52307867 prime?
False
Is 2527483 a composite number?
True
Is 2560493 a prime number?
False
Is 166430923 composite?
False
Is 49203247 prime?
True
Is 26905027 a composite number?
True
Is 17791799 a composite number?
True
Is 13045247 a prime number?
True
Is 5092069 a prime number?
True
Is 2041378 composite?
True
Is 3852599 a prime number?
False
Is 17548409 composite?
False
Is 5272837 prime?
True
Is 4750363 prime?
True
Is 686895791 a prime number?
True
Is 3204739 a prime number?
True
Is 4094691 composite?
True
Is 31056101 a composite number?
False
Is 1255519 prime?
True
Is 18966269 composite?
True
Is 391431611 prime?
True
Is 47101241 prime?
False
Is 6679271 a composite number?
False
Is 82066835 composite?
True
Is 6096899 prime?
True
Is 5854619 a composite number?
False
Is 35649407 a prime number?
True
Is 6817961 composite?
True
Is 18191357 a composite number?
False
Is 597071549 a prime number?
True
Is 10589 prime?
True
Is 69275347 a composite number?
False
Is 7304509 a composite number?
True
Is 16871291 a composite number?
False
Is 19659067 a composite number?
False
Is 16821509 prime?
False
Is 15081977 prime?
False
Is 37209433 composite?
False
Is 10884917 composite?
False
Is 17018923 composite?
False
Is 440731 a prime number?
True
Is 10569439 prime?
True
Is 10130633 a prime number?
True
Is 573061 a composite number?
True
Is 2227451 a composite number?
False
Is 97524395 a prime number?
False
Is 3881383 prime?
False
Is 33410081 composite?
False
Is 23770973 a composite number?
False
Is 7316931 a prime number?
False
Is 326286007 a prime number?
False
Is 40035553 a prime number?
False
Is 5981 composite?
False
Is 98667281 prime?
True
Is 228187 prime?
False
Is 97058687 prime?
False
Is 224427689 composite?
True
Is 120818023 a composite number?
False
Is 27173669 composite?
False
Is 29212639 prime?
False
Is 3451457 a prime number?
False
Is 38573033 a composite number?
False
Is 44145083 a prime number?
False
Is 12392879 a prime number?
True
Is 234032662 a prime number?
False
Is 524789959 a composite number?
False
Is 444401 a prime number?
True
Is 2453999 composite?
False
Is 40157861 a composite number?
False
Is 10186607 prime?
False
Is 32814281 a prime number?
True
Is 1050317 a prime number?
True
Is 7552793 prime?
True
Is 1050349 a prime number?
True
Is 273196337 prime?
True
Is 401001833 a prime number?
False
Is 87405861 a composite number?
True
Is 285103027 a composite number?
True
Is 29882843 prime?
False
Is 23505851 prime?
True
Is 11338009 a prime number?
False
Is 7352641 a composite number?
True
Is 337432477 a prime number?
True
Is 17486701 a prime number?
True
Is 4129193 prime?
False
Is 716645 a composite number?
True
Is 64525309 a composite number?
True
Is 670049 composite?
False
Is 107431627 a composite number?
False
Is 46133081 composite?
False
Is 1151093 prime?
False
Is 468954854 a composite number?
True
Is 15517283 prime?
True
Is 86868917 a composite number?
True
Is 875923 a composite number?
False
Is 64455973 a composite number?
False
Is 30287 prime?
False
Is 9922411 a composite number?
True
Is 2431543 a prime number?
True
Is 1899671 composite?
True
Is 1576931 composite?
False
Is 39260341 a composite number?
False
Is 136307861 composite?
True
Is 14503253 a composite number?
True
Is 45031531 composite?
False
Is 168564397 composite?
False
Is 2644949 prime?
False
Is 4017407 prime?
True
Is 8913097 prime?
False
Is 62437423 composite?
False
Is 80551649 prime?
True
Is 1181277919 composite?
False
Is 214516721 a prime number?
False
Is 12287767 a composite number?
False
Is 501465961 prime?
False
Is 90454795 prime?
False
Is 5918161 composite?
False
Is 40258609 a composite number?
False
Is 100487809 a composite number?
True
Is 881393 prime?
True
Is 590201005 composite?
True
Is 49224029 a composite number?
True
Is 26694595 a composite number?
True
Is 2690887 a prime number?
True
Is 98991521 a composite number?
True
Is 1686779 a composite number?
False
Is 91926109 a composite number?
True
Is 122674421 a prime number?
True
Is 1187687 a composite number?
False
Is 32387879 composite?
True
Is 14099893 composite?
False
Is 10331089 prime?
True
Is 5142641 composite?
True
Is 12878267 a composite number?
False
Is 24291587 prime?
False
Is 816743 a prime number?
True
Is 1321415 prime?
False
Is 7908671 prime?
False
Is 14461387 a composite number?
False
Is 162890323 prime?
True
Is 144677987 composite?
False
Is 1220489 composite?
False
Is 21544381 prime?
False
Is 26012743 a prime number?
True
Is 175643143 prime?
False
Is 146680337 prime?
True
Is 32939561 a composite number?
False
Is 246166 a prime number?
False
Is 34010797 composite?
True
Is 2409541 a composite number?
False
Is 1090831 composite?
True
Is 35854543 composite?
False
Is 538349771 a prime number?
True
Is 138315101 prime?
False
Is 20870387 a prime number?
False
Is 44614571 prime?
True
Is 25575227 prime?
True
Is 1442280731 a composite number?
True
Is 9209579 a prime number?
True
Is 34583821 prime?
True
Is 3554039 a prime number?
True
Is 5470807 a prime number?
False
Is 518785349 a prime number?
True
Is 28003 a composite number?
True
Is 2800853 a prime number?
False
Is 58337189 prime?
False
Is 12371497 composite?
False
Is 3447839 prime?
False
Is 58377119 composite?
False
Is 51703 a prime number?
False
Is 11518613 prime?
False
Is 3381431 a prime number?
True
Is 6675457 a composite number?
True
Is 941041 a composite number?
False
Is 277154107 prime?
True
Is 133739 a prime number?
False
Is 3597809 a composite number?
False
Is 136745963 a prime number?
True
Is 468000979 composite?
False
Is 1962398 a prime number?
False
Is 150377033 composite?
False
Is 27414223 prime?
False
Is 15779287 a prime number?
False
Is 1676303 a composite number?
False
Is 62265421 prime?
False
Is 14521621 composite?
True
Is 34281727 a composite number?
False
Is 3558221 a composite number?
False
Is 24174809 prime?
False
Is 290625971 a prime number?
True
Is 831111431 prime?
True
Is 1061737 a composite number?
False
Is 582067 composite?
False
Is 9851477 composite?
False
Is 5093831 a prime number?
False
Is 7486337 composite?
False
Is 7669699 a prime number?
True
Is 165706231 prime?
True
Is 3897253 a composite number?
True
Is 30503507 composite?
False
Is 11259583 composite?
False
Is 11126761 a prime number?
False
Is 1655119 a composite number?
True
Is 45798551 a prime number?
False
Is 139543903 a prime number?
True
Is 6966203 prime?
True
Is 98956951 a prime number?
True
Is 4054157 composite?
True
Is 103273447 a composite number?
True
Is 133228993 prime?
True
Is 10161133 composite?
False
Is 181799 composite?
True
Is 6335171 a composite number?
False
Is 12762382 composite?
True
Is 245023 prime?
True
Is 6415971 a composite number?
True
Is 6027001 composite?
True
Is 22137931 prime?
True
Is 75075541 composite?
True
Is 1494641 prime?
True
Is 198409 prime?
True
Is 5853269 a prime number?
True
Is 184024409 a prime number?
True
Is 1829041 composite?
False
Is 163564229 prime?
True
Is 7458491 a composite number?
True
Is 312074717 composite?
False
Is 101546287 prime?
False
Is 84844049 a composite number?
False
Is 3387061 prime?
True
Is 4338983 a composite number?
True
Is 26855407 composite?
False
Is 19581811 a prime number?
True
Is 295957 composite?
True
Is 17333473 prime?
True
Is 96411935 composite?
True
Is 368351 prime?
False
Is 69511357 composite?
False
Is 6155722 a composite number?
True
Is 45328637 a composite number?
False
Is 46696367 a composite number?
True
Is 11880179 a composite number?
False
Is 553138763 prime?
False
Is 34831231 a prime number?
True
Is 3508951 a prime number?
True
Is 2557745 a prime number?
False
Is 625114751 a composite number?
False
Is 159806893 composite?
False
Is 32344471 prime?
False
Is 10429487 prime?
False
Is 125564603 a